{"id":868,"date":"2016-10-19T01:08:42","date_gmt":"2016-10-18T23:08:42","guid":{"rendered":"http:\/\/td_uid_1_5806ab7abb1f5"},"modified":"2024-05-27T12:58:29","modified_gmt":"2024-05-27T10:58:29","slug":"home","status":"publish","type":"page","link":"https:\/\/lgd.com.pl\/archiwum24\/","title":{"rendered":"START"},"content":{"rendered":"<p>[vc_row][vc_column][vc_text_separator title=&#8221;NAJNOWSZE ARTYKU\u0141Y NA STRONIE&#8221; title_align=&#8221;separator_align_left&#8221; align=&#8221;align_left&#8221;]<div class=\"td_block_wrap td_block_big_grid_1 td_uid_1_69e783999f4db_rand td-grid-style-1 td-hover-1 td-pb-border-top\"  data-td-block-uid=\"td_uid_1_69e783999f4db\" ><div id=td_uid_1_69e783999f4db class=\"td_block_inner\"><div class=\"td-big-grid-wrapper\">\r\n        <div class=\"td_module_mx5 td-animation-stack td-big-grid-post-0 td-big-grid-post td-big-thumb\">\r\n            <div class=\"td-module-thumb\"><a href=\"https:\/\/lgd.com.pl\/archiwum24\/zarzad-lgd-zaktualizowal-harmonogram-naborow-wnioskow-na-2024-rok\/\" rel=\"bookmark\" title=\"Zarz\u0105d LGD zaktualizowa\u0142 Harmonogram nabor\u00f3w wniosk\u00f3w na 2024 rok\"><img loading=\"lazy\" decoding=\"async\" width=\"534\" height=\"462\" class=\"entry-thumb\" src=\"https:\/\/lgd.com.pl\/archiwum24\/wp-content\/uploads\/2024\/10\/zarzad-534x462.jpg\" alt=\"\" title=\"Zarz\u0105d LGD zaktualizowa\u0142 Harmonogram nabor\u00f3w wniosk\u00f3w na 2024 rok\"\/><\/a><\/div>            <div class=\"td-meta-info-container\">\r\n                <div class=\"td-meta-align\">\r\n                    <div class=\"td-big-grid-meta\">\r\n                        <a href=\"https:\/\/lgd.com.pl\/archiwum24\/category\/aktualnosci\/\" class=\"td-post-category\">Aktualno\u015bci<\/a>                        <h3 class=\"entry-title td-module-title\"><a href=\"https:\/\/lgd.com.pl\/archiwum24\/zarzad-lgd-zaktualizowal-harmonogram-naborow-wnioskow-na-2024-rok\/\" rel=\"bookmark\" title=\"Zarz\u0105d LGD zaktualizowa\u0142 Harmonogram nabor\u00f3w wniosk\u00f3w na 2024 rok\">Zarz\u0105d LGD zaktualizowa\u0142 Harmonogram nabor\u00f3w wniosk\u00f3w na 2024 rok<\/a><\/h3>                    <\/div>\r\n                    <div class=\"td-module-meta-info\">\r\n                        <span class=\"td-post-author-name\"><a href=\"https:\/\/lgd.com.pl\/archiwum24\/author\/autorka\/\">Ewelina Patyk<\/a> <span>-<\/span> <\/span>                        <span class=\"td-post-date\"><time class=\"entry-date updated td-module-date\" datetime=\"2024-10-07T12:35:37+00:00\" >7 pa\u017adziernika 2024<\/time><\/span>                    <\/div>\r\n                <\/div>\r\n            <\/div>\r\n\r\n        <\/div>\r\n\r\n        <div class=\"td-big-grid-scroll\">\r\n        <div class=\"td_module_mx6 td-animation-stack td-big-grid-post-1 td-big-grid-post td-small-thumb\">\r\n            <div class=\"td-module-thumb\"><a href=\"https:\/\/lgd.com.pl\/archiwum24\/zapraszamy-do-konsultacji-3\/\" rel=\"bookmark\" title=\"Zapraszamy do udzia\u0142u w konsultacjach\"><img loading=\"lazy\" decoding=\"async\" width=\"265\" height=\"198\" class=\"entry-thumb\" src=\"https:\/\/lgd.com.pl\/archiwum24\/wp-content\/uploads\/2024\/09\/konsultacje-265x198.jpg\" srcset=\"https:\/\/lgd.com.pl\/archiwum24\/wp-content\/uploads\/2024\/09\/konsultacje-265x198.jpg 265w, https:\/\/lgd.com.pl\/archiwum24\/wp-content\/uploads\/2024\/09\/konsultacje-80x60.jpg 80w\" sizes=\"(max-width: 265px) 100vw, 265px\" alt=\"\" title=\"Zapraszamy do udzia\u0142u w konsultacjach\"\/><\/a><\/div>            <div class=\"td-meta-info-container\">\r\n                <div class=\"td-meta-align\">\r\n                    <div class=\"td-big-grid-meta\">\r\n                        <a href=\"https:\/\/lgd.com.pl\/archiwum24\/category\/aktualnosci\/\" class=\"td-post-category\">Aktualno\u015bci<\/a>                        <h3 class=\"entry-title td-module-title\"><a href=\"https:\/\/lgd.com.pl\/archiwum24\/zapraszamy-do-konsultacji-3\/\" rel=\"bookmark\" title=\"Zapraszamy do udzia\u0142u w konsultacjach\">Zapraszamy do udzia\u0142u w konsultacjach<\/a><\/h3>                    <\/div>\r\n                <\/div>\r\n            <\/div>\r\n\r\n        <\/div>\r\n\r\n\r\n        \r\n        <div class=\"td_module_mx6 td-animation-stack td-big-grid-post-2 td-big-grid-post td-small-thumb\">\r\n            <div class=\"td-module-thumb\"><a href=\"https:\/\/lgd.com.pl\/archiwum24\/forum-generalne-lgd\/\" rel=\"bookmark\" title=\"Forum generalne LGD\"><img loading=\"lazy\" decoding=\"async\" width=\"265\" height=\"198\" class=\"entry-thumb\" src=\"https:\/\/lgd.com.pl\/archiwum24\/wp-content\/uploads\/2024\/08\/454369498_468456006179780_3689210861180700736_n-265x198.jpg\" srcset=\"https:\/\/lgd.com.pl\/archiwum24\/wp-content\/uploads\/2024\/08\/454369498_468456006179780_3689210861180700736_n-265x198.jpg 265w, https:\/\/lgd.com.pl\/archiwum24\/wp-content\/uploads\/2024\/08\/454369498_468456006179780_3689210861180700736_n-80x60.jpg 80w\" sizes=\"(max-width: 265px) 100vw, 265px\" alt=\"\" title=\"Forum generalne LGD\"\/><\/a><\/div>            <div class=\"td-meta-info-container\">\r\n                <div class=\"td-meta-align\">\r\n                    <div class=\"td-big-grid-meta\">\r\n                        <a href=\"https:\/\/lgd.com.pl\/archiwum24\/category\/aktualnosci\/\" class=\"td-post-category\">Aktualno\u015bci<\/a>                        <h3 class=\"entry-title td-module-title\"><a href=\"https:\/\/lgd.com.pl\/archiwum24\/forum-generalne-lgd\/\" rel=\"bookmark\" title=\"Forum generalne LGD\">Forum generalne LGD<\/a><\/h3>                    <\/div>\r\n                <\/div>\r\n            <\/div>\r\n\r\n        <\/div>\r\n\r\n\r\n        \r\n        <div class=\"td_module_mx6 td-animation-stack td-big-grid-post-3 td-big-grid-post td-small-thumb\">\r\n            <div class=\"td-module-thumb\"><a href=\"https:\/\/lgd.com.pl\/archiwum24\/zapraszamy-mieszkancow-gminy-topolka-na-spotkanie-informacyjno-konsultacyjne-dotyczace-srodkow-unijnych-na-inicjatywy-lokalne-na-lata-2024-2029\/\" rel=\"bookmark\" title=\"Zapraszamy mieszka\u0144c\u00f3w Gminy Top\u00f3lka na spotkanie informacyjno-konsultacyjne, dotycz\u0105ce \u015brodk\u00f3w unijnych na inicjatywy lokalne na lata 2024-2029\"><img loading=\"lazy\" decoding=\"async\" width=\"265\" height=\"198\" class=\"entry-thumb\" src=\"https:\/\/lgd.com.pl\/archiwum24\/wp-content\/uploads\/2024\/07\/plakat-topolka-265x198.png\" srcset=\"https:\/\/lgd.com.pl\/archiwum24\/wp-content\/uploads\/2024\/07\/plakat-topolka-265x198.png 265w, https:\/\/lgd.com.pl\/archiwum24\/wp-content\/uploads\/2024\/07\/plakat-topolka-80x60.png 80w\" sizes=\"(max-width: 265px) 100vw, 265px\" alt=\"\" title=\"Zapraszamy mieszka\u0144c\u00f3w Gminy Top\u00f3lka na spotkanie informacyjno-konsultacyjne, dotycz\u0105ce \u015brodk\u00f3w unijnych na inicjatywy lokalne na lata 2024-2029\"\/><\/a><\/div>            <div class=\"td-meta-info-container\">\r\n                <div class=\"td-meta-align\">\r\n                    <div class=\"td-big-grid-meta\">\r\n                        <a href=\"https:\/\/lgd.com.pl\/archiwum24\/category\/aktualnosci\/\" class=\"td-post-category\">Aktualno\u015bci<\/a>                        <h3 class=\"entry-title td-module-title\"><a href=\"https:\/\/lgd.com.pl\/archiwum24\/zapraszamy-mieszkancow-gminy-topolka-na-spotkanie-informacyjno-konsultacyjne-dotyczace-srodkow-unijnych-na-inicjatywy-lokalne-na-lata-2024-2029\/\" rel=\"bookmark\" title=\"Zapraszamy mieszka\u0144c\u00f3w Gminy Top\u00f3lka na spotkanie informacyjno-konsultacyjne, dotycz\u0105ce \u015brodk\u00f3w unijnych na inicjatywy lokalne na lata 2024-2029\">Zapraszamy mieszka\u0144c\u00f3w Gminy Top\u00f3lka na spotkanie informacyjno-konsultacyjne, dotycz\u0105ce \u015brodk\u00f3w unijnych na inicjatywy lokalne na lata 2024-2029<\/a><\/h3>                    <\/div>\r\n                <\/div>\r\n            <\/div>\r\n\r\n        <\/div>\r\n\r\n\r\n        \r\n        <div class=\"td_module_mx6 td-animation-stack td-big-grid-post-4 td-big-grid-post td-small-thumb\">\r\n            <div class=\"td-module-thumb\"><a href=\"https:\/\/lgd.com.pl\/archiwum24\/zapraszamy-mieszkancow-gminy-radziejow-na-spotkanie-informacyjno-konsultacyjne-dotyczace-srodkow-unijnych-na-inicjatywy-lokalne-na-lata-2024-2029\/\" rel=\"bookmark\" title=\"Zapraszamy mieszka\u0144c\u00f3w Gminy Radziej\u00f3w na spotkanie informacyjno-konsultacyjne, dotycz\u0105ce \u015brodk\u00f3w unijnych na inicjatywy lokalne na lata 2024-2029\"><img loading=\"lazy\" decoding=\"async\" width=\"265\" height=\"198\" class=\"entry-thumb\" src=\"https:\/\/lgd.com.pl\/archiwum24\/wp-content\/uploads\/2024\/07\/plakat-skibin-265x198.png\" srcset=\"https:\/\/lgd.com.pl\/archiwum24\/wp-content\/uploads\/2024\/07\/plakat-skibin-265x198.png 265w, https:\/\/lgd.com.pl\/archiwum24\/wp-content\/uploads\/2024\/07\/plakat-skibin-80x60.png 80w\" sizes=\"(max-width: 265px) 100vw, 265px\" alt=\"\" title=\"Zapraszamy mieszka\u0144c\u00f3w Gminy Radziej\u00f3w na spotkanie informacyjno-konsultacyjne, dotycz\u0105ce \u015brodk\u00f3w unijnych na inicjatywy lokalne na lata 2024-2029\"\/><\/a><\/div>            <div class=\"td-meta-info-container\">\r\n                <div class=\"td-meta-align\">\r\n                    <div class=\"td-big-grid-meta\">\r\n                        <a href=\"https:\/\/lgd.com.pl\/archiwum24\/category\/aktualnosci\/\" class=\"td-post-category\">Aktualno\u015bci<\/a>                        <h3 class=\"entry-title td-module-title\"><a href=\"https:\/\/lgd.com.pl\/archiwum24\/zapraszamy-mieszkancow-gminy-radziejow-na-spotkanie-informacyjno-konsultacyjne-dotyczace-srodkow-unijnych-na-inicjatywy-lokalne-na-lata-2024-2029\/\" rel=\"bookmark\" title=\"Zapraszamy mieszka\u0144c\u00f3w Gminy Radziej\u00f3w na spotkanie informacyjno-konsultacyjne, dotycz\u0105ce \u015brodk\u00f3w unijnych na inicjatywy lokalne na lata 2024-2029\">Zapraszamy mieszka\u0144c\u00f3w Gminy Radziej\u00f3w na spotkanie informacyjno-konsultacyjne, dotycz\u0105ce \u015brodk\u00f3w unijnych na inicjatywy lokalne na lata 2024-2029<\/a><\/h3>                    <\/div>\r\n                <\/div>\r\n            <\/div>\r\n\r\n        <\/div>\r\n\r\n\r\n        <\/div><\/div><div class=\"clearfix\"><\/div><\/div><\/div> <!-- .\/block -->[\/vc_column][\/vc_row][vc_row][vc_column width=&#8221;2\/3&#8243;][vc_text_separator title=&#8221;NAJNOWSZE GALERIE&#8221; title_align=&#8221;separator_align_left&#8221; align=&#8221;align_left&#8221;]<div class=\"td_block_wrap td_block_21 td_uid_2_69e78399a2b7a_rand td-pb-border-top\"  data-td-block-uid=\"td_uid_2_69e78399a2b7a\" ><script>var block_td_uid_2_69e78399a2b7a = new tdBlock();\nblock_td_uid_2_69e78399a2b7a.id = \"td_uid_2_69e78399a2b7a\";\nblock_td_uid_2_69e78399a2b7a.atts = '{\"limit\":5,\"sort\":\"\",\"post_ids\":\"\",\"tag_slug\":\"\",\"autors_id\":\"\",\"installed_post_types\":\"\",\"category_id\":\"11\",\"category_ids\":\"\",\"custom_title\":\"\",\"custom_url\":\"\",\"show_child_cat\":\"\",\"sub_cat_ajax\":\"\",\"ajax_pagination\":\"\",\"header_color\":\"\",\"header_text_color\":\"\",\"ajax_pagination_infinite_stop\":\"\",\"td_column_number\":1,\"td_ajax_preloading\":\"\",\"td_ajax_filter_type\":\"\",\"td_ajax_filter_ids\":\"\",\"td_filter_default_txt\":\"Wszystko\",\"color_preset\":\"\",\"border_top\":\"\",\"class\":\"td_uid_2_69e78399a2b7a_rand\",\"el_class\":\"\",\"offset\":\"\",\"css\":\"\",\"live_filter\":\"\",\"live_filter_cur_post_id\":\"\",\"live_filter_cur_post_author\":\"\"}';\nblock_td_uid_2_69e78399a2b7a.td_column_number = \"1\";\nblock_td_uid_2_69e78399a2b7a.block_type = \"td_block_21\";\nblock_td_uid_2_69e78399a2b7a.post_count = \"5\";\nblock_td_uid_2_69e78399a2b7a.found_posts = \"30\";\nblock_td_uid_2_69e78399a2b7a.header_color = \"\";\nblock_td_uid_2_69e78399a2b7a.ajax_pagination_infinite_stop = \"\";\nblock_td_uid_2_69e78399a2b7a.max_num_pages = \"6\";\ntdBlocksArray.push(block_td_uid_2_69e78399a2b7a);\n<\/script><div class=\"td-block-title-wrap\"><\/div><div id=td_uid_2_69e78399a2b7a class=\"td_block_inner\">\r\n        <div class=\"td_module_16 td_module_wrap td-animation-stack\">\r\n            <div class=\"td-module-thumb\"><a href=\"https:\/\/lgd.com.pl\/archiwum24\/wizyta-studyjna-z-lokalna-grupa-dzialania-4\/\" rel=\"bookmark\" title=\"Wizyta studyjna z Lokaln\u0105 Grup\u0105 Dzia\u0142ania\"><img decoding=\"async\" width=\"\" height=\"\" class=\"entry-thumb\" src=\"https:\/\/lgd.com.pl\/archiwum24\/wp-content\/themes\/Newspaper\/images\/no-thumb\/thumbnail.png\" alt=\"\"\/><\/a><\/div>\r\n            <div class=\"item-details\">\r\n                <h3 class=\"entry-title td-module-title\"><a href=\"https:\/\/lgd.com.pl\/archiwum24\/wizyta-studyjna-z-lokalna-grupa-dzialania-4\/\" rel=\"bookmark\" title=\"Wizyta studyjna z Lokaln\u0105 Grup\u0105 Dzia\u0142ania\">Wizyta studyjna z Lokaln\u0105 Grup\u0105 Dzia\u0142ania<\/a><\/h3>\r\n                <div class=\"td-module-meta-info\">\r\n                    <a href=\"https:\/\/lgd.com.pl\/archiwum24\/category\/galeria\/\" class=\"td-post-category\">Galeria<\/a>                    <span class=\"td-post-author-name\"><a href=\"https:\/\/lgd.com.pl\/archiwum24\/author\/autorka\/\">Ewelina Patyk<\/a> <span>-<\/span> <\/span>                    <span class=\"td-post-date\"><time class=\"entry-date updated td-module-date\" datetime=\"2021-09-27T15:22:00+00:00\" >27 wrze\u015bnia 2021<\/time><\/span>                    <div class=\"td-module-comments\"><a href=\"https:\/\/lgd.com.pl\/archiwum24\/wizyta-studyjna-z-lokalna-grupa-dzialania-4\/#respond\">0<\/a><\/div>                <\/div>\r\n\r\n                <div class=\"td-excerpt\">\r\n                    \n\n                <\/div>\r\n            <\/div>\r\n\r\n        <\/div>\r\n\r\n        \r\n        <div class=\"td_module_16 td_module_wrap td-animation-stack\">\r\n            <div class=\"td-module-thumb\"><a href=\"https:\/\/lgd.com.pl\/archiwum24\/lokalna-grupa-dzialania-w-gminie-dobre-2\/\" rel=\"bookmark\" title=\"Lokalna Grupa Dzia\u0142ania w Gminie Dobre\"><img decoding=\"async\" width=\"\" height=\"\" class=\"entry-thumb\" src=\"https:\/\/lgd.com.pl\/archiwum24\/wp-content\/themes\/Newspaper\/images\/no-thumb\/thumbnail.png\" alt=\"\"\/><\/a><\/div>\r\n            <div class=\"item-details\">\r\n                <h3 class=\"entry-title td-module-title\"><a href=\"https:\/\/lgd.com.pl\/archiwum24\/lokalna-grupa-dzialania-w-gminie-dobre-2\/\" rel=\"bookmark\" title=\"Lokalna Grupa Dzia\u0142ania w Gminie Dobre\">Lokalna Grupa Dzia\u0142ania w Gminie Dobre<\/a><\/h3>\r\n                <div class=\"td-module-meta-info\">\r\n                    <a href=\"https:\/\/lgd.com.pl\/archiwum24\/category\/galeria\/\" class=\"td-post-category\">Galeria<\/a>                    <span class=\"td-post-author-name\"><a href=\"https:\/\/lgd.com.pl\/archiwum24\/author\/autorka\/\">Ewelina Patyk<\/a> <span>-<\/span> <\/span>                    <span class=\"td-post-date\"><time class=\"entry-date updated td-module-date\" datetime=\"2021-08-30T15:15:00+00:00\" >30 sierpnia 2021<\/time><\/span>                    <div class=\"td-module-comments\"><a href=\"https:\/\/lgd.com.pl\/archiwum24\/lokalna-grupa-dzialania-w-gminie-dobre-2\/#respond\">0<\/a><\/div>                <\/div>\r\n\r\n                <div class=\"td-excerpt\">\r\n                    \n\n                <\/div>\r\n            <\/div>\r\n\r\n        <\/div>\r\n\r\n        \r\n        <div class=\"td_module_16 td_module_wrap td-animation-stack\">\r\n            <div class=\"td-module-thumb\"><a href=\"https:\/\/lgd.com.pl\/archiwum24\/piknik-na-zakonczenie-lata-w-gluszynie\/\" rel=\"bookmark\" title=\"Piknik na zako\u0144czenie lata w G\u0142uszynie\"><img decoding=\"async\" width=\"\" height=\"\" class=\"entry-thumb\" src=\"https:\/\/lgd.com.pl\/archiwum24\/wp-content\/themes\/Newspaper\/images\/no-thumb\/thumbnail.png\" alt=\"\"\/><\/a><\/div>\r\n            <div class=\"item-details\">\r\n                <h3 class=\"entry-title td-module-title\"><a href=\"https:\/\/lgd.com.pl\/archiwum24\/piknik-na-zakonczenie-lata-w-gluszynie\/\" rel=\"bookmark\" title=\"Piknik na zako\u0144czenie lata w G\u0142uszynie\">Piknik na zako\u0144czenie lata w G\u0142uszynie<\/a><\/h3>\r\n                <div class=\"td-module-meta-info\">\r\n                    <a href=\"https:\/\/lgd.com.pl\/archiwum24\/category\/galeria\/\" class=\"td-post-category\">Galeria<\/a>                    <span class=\"td-post-author-name\"><a href=\"https:\/\/lgd.com.pl\/archiwum24\/author\/autorka\/\">Ewelina Patyk<\/a> <span>-<\/span> <\/span>                    <span class=\"td-post-date\"><time class=\"entry-date updated td-module-date\" datetime=\"2021-08-23T15:10:00+00:00\" >23 sierpnia 2021<\/time><\/span>                    <div class=\"td-module-comments\"><a href=\"https:\/\/lgd.com.pl\/archiwum24\/piknik-na-zakonczenie-lata-w-gluszynie\/#respond\">0<\/a><\/div>                <\/div>\r\n\r\n                <div class=\"td-excerpt\">\r\n                    \n\n                <\/div>\r\n            <\/div>\r\n\r\n        <\/div>\r\n\r\n        \r\n        <div class=\"td_module_16 td_module_wrap td-animation-stack\">\r\n            <div class=\"td-module-thumb\"><a href=\"https:\/\/lgd.com.pl\/archiwum24\/spotkanie-informacyjno-konsultacyjne-z-dzialaniami-animacyjnymi-dla-mieszkancow-obszaru-lsr-2\/\" rel=\"bookmark\" title=\"Spotkanie informacyjno-konsultacyjne z dzia\u0142aniami animacyjnymi dla mieszka\u0144c\u00f3w obszaru LSR\"><img decoding=\"async\" width=\"\" height=\"\" class=\"entry-thumb\" src=\"https:\/\/lgd.com.pl\/archiwum24\/wp-content\/themes\/Newspaper\/images\/no-thumb\/thumbnail.png\" alt=\"\"\/><\/a><\/div>\r\n            <div class=\"item-details\">\r\n                <h3 class=\"entry-title td-module-title\"><a href=\"https:\/\/lgd.com.pl\/archiwum24\/spotkanie-informacyjno-konsultacyjne-z-dzialaniami-animacyjnymi-dla-mieszkancow-obszaru-lsr-2\/\" rel=\"bookmark\" title=\"Spotkanie informacyjno-konsultacyjne z dzia\u0142aniami animacyjnymi dla mieszka\u0144c\u00f3w obszaru LSR\">Spotkanie informacyjno-konsultacyjne z dzia\u0142aniami animacyjnymi dla mieszka\u0144c\u00f3w obszaru LSR<\/a><\/h3>\r\n                <div class=\"td-module-meta-info\">\r\n                    <a href=\"https:\/\/lgd.com.pl\/archiwum24\/category\/galeria\/\" class=\"td-post-category\">Galeria<\/a>                    <span class=\"td-post-author-name\"><a href=\"https:\/\/lgd.com.pl\/archiwum24\/author\/autorka\/\">Ewelina Patyk<\/a> <span>-<\/span> <\/span>                    <span class=\"td-post-date\"><time class=\"entry-date updated td-module-date\" datetime=\"2021-08-23T15:00:00+00:00\" >23 sierpnia 2021<\/time><\/span>                    <div class=\"td-module-comments\"><a href=\"https:\/\/lgd.com.pl\/archiwum24\/spotkanie-informacyjno-konsultacyjne-z-dzialaniami-animacyjnymi-dla-mieszkancow-obszaru-lsr-2\/#respond\">0<\/a><\/div>                <\/div>\r\n\r\n                <div class=\"td-excerpt\">\r\n                    \n\n                <\/div>\r\n            <\/div>\r\n\r\n        <\/div>\r\n\r\n        \r\n        <div class=\"td_module_16 td_module_wrap td-animation-stack\">\r\n            <div class=\"td-module-thumb\"><a href=\"https:\/\/lgd.com.pl\/archiwum24\/dozynki-powiatowo-gminno-parafialne-w-debiankach\/\" rel=\"bookmark\" title=\"Do\u017cynki Powiatowo &#8211; Gminno &#8211; Parafialne w D\u0119biankach\"><img loading=\"lazy\" decoding=\"async\" width=\"150\" height=\"150\" class=\"entry-thumb\" src=\"https:\/\/lgd.com.pl\/archiwum24\/wp-content\/uploads\/2019\/09\/obrazek-150x150.jpg\" alt=\"\" title=\"Do\u017cynki Powiatowo &#8211; Gminno &#8211; Parafialne w D\u0119biankach\"\/><\/a><\/div>\r\n            <div class=\"item-details\">\r\n                <h3 class=\"entry-title td-module-title\"><a href=\"https:\/\/lgd.com.pl\/archiwum24\/dozynki-powiatowo-gminno-parafialne-w-debiankach\/\" rel=\"bookmark\" title=\"Do\u017cynki Powiatowo &#8211; Gminno &#8211; Parafialne w D\u0119biankach\">Do\u017cynki Powiatowo &#8211; Gminno &#8211; Parafialne w D\u0119biankach<\/a><\/h3>\r\n                <div class=\"td-module-meta-info\">\r\n                    <a href=\"https:\/\/lgd.com.pl\/archiwum24\/category\/galeria\/\" class=\"td-post-category\">Galeria<\/a>                    <span class=\"td-post-author-name\"><a href=\"https:\/\/lgd.com.pl\/archiwum24\/author\/autorka\/\">Ewelina Patyk<\/a> <span>-<\/span> <\/span>                    <span class=\"td-post-date\"><time class=\"entry-date updated td-module-date\" datetime=\"2019-09-19T14:33:08+00:00\" >19 wrze\u015bnia 2019<\/time><\/span>                    <div class=\"td-module-comments\"><a href=\"https:\/\/lgd.com.pl\/archiwum24\/dozynki-powiatowo-gminno-parafialne-w-debiankach\/#respond\">0<\/a><\/div>                <\/div>\r\n\r\n                <div class=\"td-excerpt\">\r\n                    \n\n                <\/div>\r\n            <\/div>\r\n\r\n        <\/div>\r\n\r\n        <\/div><\/div> <!-- .\/block -->[vc_btn title=&#8221;Zobacz wi\u0119cej galerii&#8221; align=&#8221;center&#8221; link=&#8221;url:http%3A%2F%2Flgd.com.pl%2Fgaleria%2F||&#8221;][\/vc_column][vc_column width=&#8221;1\/3&#8243;][vc_text_separator title=&#8221;ZOBACZ TAK\u017bE&#8221; title_align=&#8221;separator_align_left&#8221; align=&#8221;align_left&#8221;][vc_column_text]<\/p>\n<p>\u00a0<\/p>\n<p><a href=\"http:\/\/www.radziejow.pl\/\" target=\"_blank\" rel=\"noopener\"><img decoding=\"async\" class=\"alignleft\" src=\"http:\/\/lgd.com.pl\/wp-content\/uploads\/2016\/12\/2.png\" \/><\/a><\/p>\n<p>\u00a0<\/p>\n<p>\u00a0<\/p>\n<p>\u00a0<\/p>\n<p><a href=\"https:\/\/ugbyton.pl\/\" target=\"_blank\" rel=\"noopener\"><img loading=\"lazy\" decoding=\"async\" class=\"alignleft\" src=\"http:\/\/lgd.com.pl\/wp-content\/uploads\/2016\/12\/3.png\" alt=\"\" width=\"286\" height=\"89\" \/><\/a><\/p>\n<p>\u00a0<\/p>\n<p>\u00a0<\/p>\n<p>\u00a0<\/p>\n<p><a href=\"http:\/\/ugdobre.pl\/\" target=\"_blank\" rel=\"noopener\"><img decoding=\"async\" src=\"http:\/\/lgd.com.pl\/wp-content\/uploads\/2016\/12\/4.png\" \/><\/a><\/p>\n<p><a href=\"http:\/\/osieciny.pl\/\" target=\"_blank\" rel=\"noopener\"><img decoding=\"async\" src=\"http:\/\/lgd.com.pl\/wp-content\/uploads\/2016\/12\/5.png\" \/><\/a><\/p>\n<p><a href=\"http:\/\/bip.ugradziejow.pl\/\" target=\"_blank\" rel=\"noopener\"><img decoding=\"async\" src=\"http:\/\/lgd.com.pl\/wp-content\/uploads\/2016\/12\/6.png\" \/><\/a><\/p>\n<p><a href=\"http:\/\/topolka.pl\/\" target=\"_blank\" rel=\"noopener\"><img decoding=\"async\" src=\"http:\/\/lgd.com.pl\/wp-content\/uploads\/2016\/12\/7.png\" \/><\/a><\/p>\n<p><a href=\"http:\/\/piotrkowkujawski.pl\/\" target=\"_blank\" rel=\"noopener\"><img decoding=\"async\" src=\"http:\/\/lgd.com.pl\/wp-content\/uploads\/2016\/12\/8.png\" \/><\/a><\/p>\n<div class=\"wp-block-image\"><a href=\"https:\/\/piotrkowkujawski.pl\"><img loading=\"lazy\" decoding=\"async\" class=\"alignleft wp-image-6310 size-full\" title=\"Herb piotrkowa kujawskiego \" src=\"https:\/\/lgd.com.pl\/archiwum24\/wp-content\/uploads\/2024\/05\/Miasto-I-Gmina-Piotrkow-Kujawski-5.png\" alt=\"Herb piotrkowa kujawskiego \" width=\"286\" height=\"89\" \/><\/a><\/div>\n<p>\u00a0<\/p>\n<p>\u00a0<\/p>\n<p>\u00a0<\/p>\n<p><a href=\"http:\/\/umradziejow.pl\/\" target=\"_blank\" rel=\"noopener\"><img decoding=\"async\" src=\"http:\/\/lgd.com.pl\/wp-content\/uploads\/2017\/01\/9.png\" \/><\/a><\/p>\n<div class=\"wp-block-image\">\n<div class=\"wp-block-image\"><span style=\"font-size: revert;\">[\/vc_column_text][vc_btn title=&#8221;ARCHIWUM POPRZEDNIEJ WERSJI STRONY&#8221; color=&#8221;success&#8221; link=&#8221;url:http%3A%2F%2Flgd.com.pl%2Farchiwum%2F||target:%20_blank&#8221;][\/vc_column][\/vc_row]<\/span><\/div>\n<\/div>\n\n\n<div style=\"height:100px\" aria-hidden=\"true\" class=\"wp-block-spacer\"><\/div>\n\n\n\n<div class=\"wp-block-columns is-layout-flex wp-container-core-columns-is-layout-1 wp-block-columns-is-layout-flex\">\n<div class=\"wp-block-column is-layout-flow wp-block-column-is-layout-flow\">\n<div style=\"background-color:#d02e2e;color:#FFFFFF;padding:20px\" class=\"wp-block-tnp-minimal\"><p><strong>Subskrybuj nasz newsletter i b\u0105d\u017a na bie\u017c\u0105co !<\/strong><\/p><div><div class=\"tnp tnp-subscription \">\n<form method=\"post\" action=\"https:\/\/lgd.com.pl\/archiwum24\/?na=s\">\n<input type=\"hidden\" name=\"nlang\" value=\"\">\n<div class=\"tnp-field tnp-field-firstname\"><label for=\"tnp-1\">Imi\u0119 i Nazwisko <\/label>\n<input class=\"tnp-name\" type=\"text\" name=\"nn\" id=\"tnp-1\" value=\"\" placeholder=\"\"><\/div>\n<div class=\"tnp-field tnp-field-email\"><label for=\"tnp-2\">E-mail<\/label>\n<input class=\"tnp-email\" type=\"email\" name=\"ne\" id=\"tnp-2\" value=\"\" placeholder=\"\" required><\/div>\n<div class=\"tnp-field tnp-field-button\" style=\"text-align: left\"><input class=\"tnp-submit\" type=\"submit\" value=\"Subskrybuj\" style=\"background-color:#59a453;\">\n<\/div>\n<\/form>\n<\/div>\n<\/div><\/div>\n<\/div>\n<\/div>\n","protected":false},"excerpt":{"rendered":"<p>[vc_row][vc_column][vc_text_separator title=&#8221;NAJNOWSZE ARTYKU\u0141Y NA STRONIE&#8221; title_align=&#8221;separator_align_left&#8221; align=&#8221;align_left&#8221;][\/vc_column][\/vc_row][vc_row][vc_column width=&#8221;2\/3&#8243;][vc_text_separator title=&#8221;NAJNOWSZE GALERIE&#8221; title_align=&#8221;separator_align_left&#8221; align=&#8221;align_left&#8221;][vc_btn title=&#8221;Zobacz wi\u0119cej galerii&#8221; align=&#8221;center&#8221; link=&#8221;url:http%3A%2F%2Flgd.com.pl%2Fgaleria%2F||&#8221;][\/vc_column][vc_column width=&#8221;1\/3&#8243;][vc_text_separator title=&#8221;ZOBACZ TAK\u017bE&#8221; title_align=&#8221;separator_align_left&#8221; align=&#8221;align_left&#8221;][vc_column_text] \u00a0 \u00a0 \u00a0 \u00a0 \u00a0 \u00a0 \u00a0 \u00a0 \u00a0 \u00a0 [\/vc_column_text][vc_btn title=&#8221;ARCHIWUM POPRZEDNIEJ WERSJI STRONY&#8221; color=&#8221;success&#8221; link=&#8221;url:http%3A%2F%2Flgd.com.pl%2Farchiwum%2F||target:%20_blank&#8221;][\/vc_column][\/vc_row]<\/p>\n","protected":false},"author":1,"featured_media":0,"parent":0,"menu_order":0,"comment_status":"open","ping_status":"closed","template":"page-pagebuilder-title.php","meta":{"footnotes":""},"_links":{"self":[{"href":"https:\/\/lgd.com.pl\/archiwum24\/wp-json\/wp\/v2\/pages\/868"}],"collection":[{"href":"https:\/\/lgd.com.pl\/archiwum24\/wp-json\/wp\/v2\/pages"}],"about":[{"href":"https:\/\/lgd.com.pl\/archiwum24\/wp-json\/wp\/v2\/types\/page"}],"author":[{"embeddable":true,"href":"https:\/\/lgd.com.pl\/archiwum24\/wp-json\/wp\/v2\/users\/1"}],"replies":[{"embeddable":true,"href":"https:\/\/lgd.com.pl\/archiwum24\/wp-json\/wp\/v2\/comments?post=868"}],"version-history":[{"count":68,"href":"https:\/\/lgd.com.pl\/archiwum24\/wp-json\/wp\/v2\/pages\/868\/revisions"}],"predecessor-version":[{"id":6328,"href":"https:\/\/lgd.com.pl\/archiwum24\/wp-json\/wp\/v2\/pages\/868\/revisions\/6328"}],"wp:attachment":[{"href":"https:\/\/lgd.com.pl\/archiwum24\/wp-json\/wp\/v2\/media?parent=868"}],"curies":[{"name":"wp","href":"https:\/\/api.w.org\/{rel}","templated":true}]}}