{"id":766,"date":"2016-09-30T01:30:39","date_gmt":"2016-09-29T23:30:39","guid":{"rendered":"http:\/\/lgd.com.pl\/?page_id=766"},"modified":"2016-10-07T16:31:44","modified_gmt":"2016-10-07T14:31:44","slug":"o-nas","status":"publish","type":"page","link":"https:\/\/lgd.com.pl\/archiwum24\/o-nas\/","title":{"rendered":"O Nas"},"content":{"rendered":"<p><img loading=\"lazy\" decoding=\"async\" class=\"size-full wp-image-823 alignright\" src=\"http:\/\/lgd.com.pl\/wp-content\/uploads\/2016\/09\/lgd_plakat.png\" alt=\"lgd_plakat\" width=\"251\" height=\"300\" \/>Gminy powiatu radziejowskiego zawar\u0142y ju\u017c wst\u0119pne porozumienie w lutym 2007 roku, oraz przeprowadzi\u0142y kampani\u0119 szkoleniow\u0105 promuj\u0105c\u0105 podej\u015bcie Leader jako skuteczn\u0105 metod\u0119 rozwoju wsi.<br \/>\nPonadto z\u0142o\u017cy\u0142y \u201eDeklaracj\u0119 o przyst\u0105pieniu do realizacji projektu w ramach podej\u015bcia Leader&#8221;. G\u0142\u00f3wnym celem zadania jest wzmacnianie i rozwijanie porozumienia na rzecz zr\u00f3wnowa\u017conego rozwoju obszaru gmin: Byto\u0144, Dobre, Osi\u0119ciny, Piotrk\u00f3w Kujawski, Radziej\u00f3w i Top\u00f3lka. Porozumienie ma w efekcie doprowadzi\u0107 do powstania partnerstwa tr\u00f3jsektorowego, tj. przedstawicieli organizacji spo\u0142ecznych, podmiot\u00f3w gospodarczych i instytucji publicznych i samorz\u0105du lokalnego. Po\u0142\u0105czenie si\u0142 organizacji pozarz\u0105dowych, sektora prywatnego, publicznego i spo\u0142ecznego ma na celu zintegrowanie dzia\u0142a\u0144 na rzecz rozwoju wszystkich gmin powiatu radziejowskiego. Rozw\u00f3j ma przyczyni\u0107 si\u0119 do podniesienia jako\u015bci \u017cycia mieszka\u0144c\u00f3w, lepszego wykorzystania lokalnych zasob\u00f3w, wzmocnienia sp\u00f3jno\u015bci podejmowanych lokalnie decyzji, wzmocnienia kapita\u0142u spo\u0142ecznego w spo\u0142eczno\u015bciach wiejskich, a tak\u017ce do stosowania innowacyjnych rozwi\u0105za\u0144 w zakresie rozwoju danego obszaru. Podejmowanie wsp\u00f3lnych dzia\u0142a\u0144 ma na celu osi\u0105gni\u0119cie efektu synergii, wypracowanie wsp\u00f3lnego poczucia odpowiedzialno\u015bci oraz masy krytycznej potrzebnej dla podniesienia konkurencyjno\u015bci gospodarczej regionu powiatu radziejowskiego. Celami szczeg\u00f3\u0142owymi zadania s\u0105:<br \/>\n1. mobilizacja mieszka\u0144c\u00f3w i partner\u00f3w wszystkich sektor\u00f3w do aktywnego udzia\u0142u w procesie tworzenia i realizacji Lokalnej Strategii Rozwoju opartej na promocji partnerskiego wsp\u00f3\u0142dzia\u0142ania i wsp\u00f3\u0142odpowiedzialno\u015bci za aktywizacj\u0119 lokalnej spo\u0142eczno\u015bci obszar\u00f3w wiejskich,<br \/>\n2. powo\u0142anie partnerskiej, skutecznej i dobrze zorganizowanej Lokalnej Grupy Dzia\u0142ania, \u0142\u0105cz\u0105cej sektor publiczny, prywatny i spo\u0142eczny, celem budowania sp\u00f3jno\u015bci obszaru,<br \/>\n3. opracowanie i przyj\u0119cie sp\u00f3jnej i kompleksowej Lokalnej Strategii Rozwoju, zgodnej z lokalnymi strategiami rozwoju, celem realizacji wynikaj\u0105cych z niej innowacyjnych projekt\u00f3w \u0142\u0105cz\u0105cych zasoby ludzkie, naturalne, kulturowe, historyczne.<\/p>\n","protected":false},"excerpt":{"rendered":"<p>Gminy powiatu radziejowskiego zawar\u0142y ju\u017c wst\u0119pne porozumienie w lutym 2007 roku, oraz przeprowadzi\u0142y kampani\u0119 szkoleniow\u0105 promuj\u0105c\u0105 podej\u015bcie Leader jako skuteczn\u0105 metod\u0119 rozwoju wsi. Ponadto z\u0142o\u017cy\u0142y \u201eDeklaracj\u0119 o przyst\u0105pieniu do realizacji projektu w ramach podej\u015bcia Leader&#8221;. G\u0142\u00f3wnym celem zadania jest wzmacnianie i rozwijanie porozumienia na rzecz zr\u00f3wnowa\u017conego rozwoju obszaru gmin: Byto\u0144, Dobre, Osi\u0119ciny, Piotrk\u00f3w Kujawski, Radziej\u00f3w [&hellip;]<\/p>\n","protected":false},"author":1,"featured_media":0,"parent":0,"menu_order":0,"comment_status":"closed","ping_status":"closed","template":"","meta":{"footnotes":""},"_links":{"self":[{"href":"https:\/\/lgd.com.pl\/archiwum24\/wp-json\/wp\/v2\/pages\/766"}],"collection":[{"href":"https:\/\/lgd.com.pl\/archiwum24\/wp-json\/wp\/v2\/pages"}],"about":[{"href":"https:\/\/lgd.com.pl\/archiwum24\/wp-json\/wp\/v2\/types\/page"}],"author":[{"embeddable":true,"href":"https:\/\/lgd.com.pl\/archiwum24\/wp-json\/wp\/v2\/users\/1"}],"replies":[{"embeddable":true,"href":"https:\/\/lgd.com.pl\/archiwum24\/wp-json\/wp\/v2\/comments?post=766"}],"version-history":[{"count":3,"href":"https:\/\/lgd.com.pl\/archiwum24\/wp-json\/wp\/v2\/pages\/766\/revisions"}],"predecessor-version":[{"id":824,"href":"https:\/\/lgd.com.pl\/archiwum24\/wp-json\/wp\/v2\/pages\/766\/revisions\/824"}],"wp:attachment":[{"href":"https:\/\/lgd.com.pl\/archiwum24\/wp-json\/wp\/v2\/media?parent=766"}],"curies":[{"name":"wp","href":"https:\/\/api.w.org\/{rel}","templated":true}]}}